by 17.
10
Calculate the remainder when 878439 is divided by 19.
12
Calculate the remainder when 22411 is divided by 22410.
1
Calculate the remainder when 10188 is divided by 9852.
336
What is the remainder when 55766 is divided by 378?
200
What is the remainder when 49138 is divided by 49111?
27
What is the remainder when 8203 is divided by 2644?
271
Calculate the remainder when 34366 is divided by 424.
22
What is the remainder when 75522 is divided by 25?
22
Calculate the remainder when 12756 is divided by 1008.
660
What is the remainder when 7393 is divided by 114?
97
Calculate the remainder when 2532681 is divided by 154.
151
What is the remainder when 21759 is divided by 126?
87
What is the remainder when 90669 is divided by 16?
13
Calculate the remainder when 2170 is divided by 361.
4
What is the remainder when 18646 is divided by 643?
642
Calculate the remainder when 12638 is divided by 610.
438
What is the remainder when 282 is divided by 136?
10
Calculate the remainder when 3466 is divided by 39.
34
Calculate the remainder when 69158 is divided by 549.
533
What is the remainder when 558305 is divided by 344?
337
What is the remainder when 42740 is divided by 25?
15
Calculate the remainder when 5767 is divided by 720.
7
Calculate the remainder when 1437 is divided by 5.
2
What is the remainder when 650 is divided by 8?
2
What is the remainder when 86465 is divided by 272?
241
Calculate the remainder when 15015 is divided by 1158.
1119
What is the remainder when 2133881 is divided by 65?
61
What is the remainder when 4947 is divided by 134?
123
Calculate the remainder when 6463 is divided by 499.
475
Calculate the remainder when 2389 is divided by 103.
20
Calculate the remainder when 31976 is divided by 60.
56
Calculate the remainder when 1577 is divided by 100.
77
What is the remainder when 4109 is divided by 4104?
5
Calculate the remainder when 375 is divided by 38.
33
What is the remainder when 97040 is divided by 80?
0
What is the remainder when 222454 is divided by 454?
448
Calculate the remainder when 10180 is divided by 113.
10
Calculate the remainder when 25018 is divided by 779.
90
Calculate the remainder when 323253 is divided by 35917.
0
Calculate the remainder when 36137 is divided by 4517.
1
Calculate the remainder when 38256 is divided by 1217.
529
What is the remainder when 301490 is divided by 84?
14
What is the remainder when 122 is divided by 61?
0
Calculate the remainder when 8373 is divided by 4158.
57
Calculate the remainder when 12972 is divided by 146.
124
What is the remainder when 60619 is divided by 18?
13
Calculate the remainder when 49759 is divided by 278.
275
Calculate the remainder when 888771 is divided by 17.
11
What is the remainder when 25600 is divided by 12784?
32
Calculate the remainder when 2654 is divided by 392.
302
What is the remainder when 2791 is divided by 890?
121
Calculate the remainder when 231 is divided by 54.
15
What is the remainder when 73996 is divided by 36972?
52
What is the remainder when 41942 is divided by 344?
318
Calculate the remainder when 402128 is divided by 1149.
1127
Calculate the remainder when 81687 is divided by 200.
87
What is the remainder when 77207 is divided by 69?
65
Calculate the remainder when 77535 is divided by 25824.
63
Calculate the remainder when 264214 is divided by 23.
13
What is the remainder when 336056 is divided by 853?
827
What is the remainder when 7548 is divided by 2161?
1065
What is the remainder when 977 is divided by 450?
77
Calculate the remainder when 75587 is divided by 37.
33
Calculate the remainder when 6858 is divided by 62.
38
What is the remainder when 39956 is divided by 12?
8
Calculate the remainder when 54232 is divided by 18.
16
Calculate the remainder when 324325 is divided by 162124.
77
Calculate the remainder when 14696 is divided by 35.
31
Calculate the remainder when 25214 is divided by 125.
89
What is the remainder when 104076 is divided by 338?
310
Calculate the remainder when 13841 is divided by 126.
107
Calculate the remainder when 82064 is divided by 20514.
8
What is the remainder when 154164 is divided by 51386?
6
What is the remainder when 6062 is divided by 3?
2
Calculate the remainder when 22951 is divided by 1350.
1
Calculate the remainder when 760 is divided by 347.
66
Calculate the remainder when 41877 is divided by 28.
17
Calculate the remainder when 11967 is divided by 2.
1
Calculate the remainder when 37024 is divided by 2641.
50
What is the remainder when 14832 is divided by 177?
141
Calculate the remainder when 808993 is divided by 989.
980
Calculate the remainder when 12449 is divided by 1832.
1457
What is the remainder when 1725 is divided by 484?
273
Calculate the remainder when 1317574 is divided by 9.
1
What is the remainder when 128994 is divided by 42992?
18
What is the remainder when 4815662 is divided by 347?
343
What is the remainder when 3388 is divided by 3171?
217
What is the remainder when 9052 is divided by 4520?
12
What is the remainder when 203585 is divided by 101790?
5
Calculate the remainder when 456907 is divided by 152.
147
Calculate the remainder when 12014 is divided by 632.
6
What is the remainder when 20563 is divided by 20558?
5
Calculate the remainder when 1668597 is divided by 180.
177
What is the remainder when 9892 is divided by 435?
322
Calculate the remainder when 2814 is divided by 256.
254
What is the remainder when 188576 is divided by 709?
691
What is the remainder when 67794 is divided by 3766?
6
Calculate the remainder when 20471 is divided by 160.
151
What is the remainder when 27861 is divided by 1168?
997
Calculate the remainder when 1762 is divided by 153.
79
What is the remainder when 4100 is divided by 811?
45
Calculate the remainder when 520750 is divided by 44.
10
What is the remainder when 34202 is divided by 368?
346
What is the remainder when 448775 is divided by 552?
551
Calculate the remainder when 476 is divided by 68.
0
What is the remainder when 10927 is divided by 410?
267
Calculate the remainder when 26470 is divided by 13220.
30
Calculate the remainder when 114920 is divided by 273.
260
Calculate the remainder when 36441 is divided by 268.
261
Calculate the remainder when 373348 is divided by 786.
784
Calculate the remainder when 12002 is divided by 162.
14
Calculate the remainder when 12138 is divided by 40.
18
Calculate the remainder when 916 is divided by 248.
172
What is the remainder when 9146 is divided by 286?
280
Calculate the remainder when 5593 is divided by 2393.
807
What is the remainder when 18434 is divided by 8?
2
Calculate the remainder when 23899 is divided by 1207.
966
What is the remainder when 58263 is divided by 14561?
19
What is the remainder when 3715 is divided by 628?
575
What is the remainder when 80781 is divided by 387?
285
What is the remainder when 977 is divided by 33?
20
What is the remainder when 143602 is divided by 35?
32
What is the remainder when 1485117 is divided by 663?
660
Calculate the remainder when 7240803 is divided by 95.
93
What is the remainder when 639 is divided by 49?
2
What is the remainder when 1197504 is divided by 1848?
0
Calculate the remainder when 14521 is divided by 137.
136
Calculate the remainder when 38782 is divided by 1838.
184
What is the remainder when 2698 is divided by 516?
118
Calculate the remainder when 317167 is divided by 8132.
19
Calculate the remainder when 9455 is divided by 44.
39
What is the remainder when 28659 is divided by 513?
444
Calculate the remainder when 85425 is divided by 521.
502
Calculate the remainder when 1201073 is divided by 14828.
5
Calculate the remainder when 751826 is divided by 219.
218
Calculate the remainder when 5607 is divided by 3754.
1853
Calculate the remainder when 7163 is divided by 716.
3
Calculate the remainder when 733 is divided by 683.
50
What is the remainder when 16513 is divided by 1656?
1609
What is the remainder when 2928 is divided by 53?
13
Calculate the remainder when 1079 is divided by 13.
0
What is the remainder when 7557 is divided by 197?
71
What is the remainder when 28073 is divided by 14030?
13
Calculate the remainder when 11343 is divided by 391.
4
What is the remainder when 375569 is divided by 107?
106
Calculate the r